{"id":784,"date":"2024-03-18T16:16:42","date_gmt":"2024-03-18T19:16:42","guid":{"rendered":"https:\/\/aninva.com.br\/anibrasil\/?page_id=784"},"modified":"2025-11-14T16:51:28","modified_gmt":"2025-11-14T19:51:28","slug":"locperson","status":"publish","type":"page","link":"https:\/\/aninva.com.br\/anibrasil\/locperson\/","title":{"rendered":"Localizar Pessoas"},"content":{"rendered":"<p style=\"text-align: center;\"><body>\r\n<p style=\"text-align: center; margin-top:0; margin-bottom:0\">\r\n<img fetchpriority=\"high\" decoding=\"async\" border=\"0\" src=\"https:\/\/i.imgur.com\/A88LpkK.jpg\" width=\"1100\" height=\"120\"><\/p>\r\n<p style=\"text-align: center; margin-top:0; margin-bottom:0\">\r\n<a target=\"_blank\" href=\"https:\/\/chat.whatsapp.com\/IVHaYLH2jl6F23sqM5oFP4\"><img decoding=\"async\" border=\"0\" src=\"https:\/\/i.imgur.com\/Y0iBc2q.png\" width=\"700\" height=\"123\"><\/a><\/p>\r\n\r\n<p class=\"MsoNormal\" style=\"margin: 12px 20px; \" align=\"center\"><b>\r\n<font face=\"Verdana\" color=\"#800000\" size=\"4\">INVESTIGAR \u00c9 A ARTE DE REUNIR EVID\u00caNCIAS \r\nPARA SE COMPROVAR UM FATO<\/font><\/b><\/p>\r\n<p style=\"text-align: center; margin-top:0; margin-bottom:0\">\r\n<font face=\"Verdana\">\r\n<img decoding=\"async\" class=\"aligncenter wp-image-541 size-full\" src=\"https:\/\/i.imgur.com\/3JfpQQ8.png\" alt=\"\" width=\"100%\" height=\"18\" \/><\/font><\/p>\r\n<\/body><\/p>\n<p style=\"text-align: center;\"><body>\r\n<font face=\"Verdana\" color=\"#800000\">\r\n<p class=\"MsoNormal\" style=\"margin: 6px 20px\" align=\"justify\"><font size=\"4\"><b>\r\nLOCALIZAR PESSOAS<\/b><\/font><\/font><font face=\"Verdana\" color=\"#990000\"><b><font face=\"Verdana\" color=\"#800000\" size=\"4\">.<\/font><\/b><\/p>\r\n<p style=\"margin:5px 20px; text-align: justify\">&nbsp;<\/p>\r\n<p style=\"margin:5px 20px; text-align: justify\">\r\n<span style=\"font-family: 'Verdana'; color: #800000\">Localizar pessoas, \u00e9 bem complicado, \r\nainda mais quando essa pessoa n\u00e3o quer ser localizada.<\/span><\/p>\r\n<p style=\"margin:5px 20px; text-align: justify\">\r\n<span style=\"font-family: Verdana; color: #800000\">N\u00f3s localizamos inclusive criminosos \r\nforagidos da justi\u00e7a, que j\u00e1 tomam bastante cuidado para n\u00e3o serem localizados e \r\nmesmo assim s\u00e3o descobertos.<\/span><\/p>\r\n<p style=\"margin:5px 20px; text-align: justify\">&nbsp;<\/p>\r\n<p style=\"margin:5px 20px; text-align: justify\">\r\n<span style=\"font-family: Verdana; color: #800000\">Existem muitas t\u00e9cnicas que podem \r\nser usadas para se localizar pessoas, por\u00e9m se a pessoa desapareceu por que algu\u00e9m \r\nsumiu com ela fica quase imposs\u00edvel de localizar a n\u00e3o ser que haja um forte ponto \r\nde partida para dar in\u00edcio a essa investiga\u00e7\u00e3o.<\/span><\/p>\r\n<p style=\"margin:5px 20px; text-align: justify\">&nbsp;<\/p>\r\n<p style=\"margin:5px 20px; text-align: justify\">\r\n<span style=\"font-family: Verdana; color: #800000\">J\u00e1 se a pessoa se esconde, ou \r\nest\u00e1 ha muito tempo sem ser vista, para n\u00e3o ser citada judicialmente e n\u00e3o comparecer \r\na justi\u00e7a, nesse caso podemos dizer que temos 90% de chances de localizar, pois \r\ntodos os trabalhos que fizemos, nesse sentido, na sua grande maioria conseguimos \r\nlocalizar a pessoa que se esconde.<\/span><\/p>\r\n<p style=\"margin:5px 20px; text-align: justify\">&nbsp;<\/p>\r\n<p style=\"margin:5px 20px; text-align: justify\">\r\n<span style=\"font-family: Verdana; color: #800000\">Tudo se resume na aplica\u00e7\u00e3o de \r\nt\u00e9cnicas antigas e f\u00e1ceis de serem aplicadas para que possamos chegar ao paradeiro \r\nda pessoa a ser localizada. Muitas dessas t\u00e9cnicas s\u00e3o usadas pelas pol\u00edcias de \r\ntodo o Brasil e apontam um \u00edndice de acertos muito alto.<\/span><\/p>\r\n<p style=\"margin:5px 20px; text-align: justify\">&nbsp;<\/p>\r\n<p style=\"margin:5px 20px; text-align: justify\">\r\n<font face=\"Verdana\" color=\"#800000\">Qualquer pessoa que se esconda, toma cuidados \r\nb\u00e1sicos para n\u00e3o ser descoberta mas sempre deixa um rastro, as vezes um rastro t\u00e3o \r\ngrande que n\u00f3s n\u00e3o perdemos muito tempo para localizar.<\/font><\/p>\r\n<p style=\"margin:5px 20px; text-align: justify\">&nbsp;<\/p>\r\n<p style=\"margin:5px 20px; text-align: justify\">\r\n<font face=\"Verdana\" color=\"#800000\">Pessoas se escondem para:<\/font><\/p>\r\n<p style=\"margin:5px 20px; text-align: justify\">&nbsp;<\/p>\r\n<p style=\"margin:5px 20px; text-align: justify\">\r\n<font face=\"Verdana\" color=\"#800000\">N\u00e3o serem localizadas pela pol\u00edcia ou justi\u00e7a.<\/font><\/p>\r\n<p style=\"margin:5px 20px; text-align: justify\">\r\n<font face=\"Verdana\" color=\"#800000\">N\u00e3o terem que devolver bem que \u00e9 de terceira \r\npessoa a qual deve um montante em dinheiro pela compra desse bem por exemplo um \r\ncarro.<\/font><\/p>\r\n<p style=\"margin:5px 20px; text-align: justify\">\r\n<font face=\"Verdana\" color=\"#800000\">N\u00e3o prestarem depoimentos em inqu\u00e9ritos policiais.<\/font><\/p>\r\n<p style=\"margin:5px 20px; text-align: justify\">\r\n<font face=\"Verdana\" color=\"#800000\">N\u00e3o serem localizadas por ex-conjuges ou ex-amantes.<\/font><\/p>\r\n<p style=\"margin:5px 20px; text-align: justify\">\r\n<font face=\"Verdana\" color=\"#800000\">N\u00e3o serem localizadas por estarem de licen\u00e7a \r\nm\u00e9dica de uma empresa na qual trabalha, recebendo valor de sal\u00e1rio, sem estar de \r\nfato doente e se furtando a trabalhar por ele.<\/font><\/p>\r\n<p style=\"margin:5px 20px; text-align: justify\">\r\n<font face=\"Verdana\" color=\"#800000\">N\u00e3o pagar pens\u00e3o aliment\u00edcia.<\/font><\/p>\r\n<p style=\"margin:5px 20px; text-align: justify\">\r\n<font face=\"Verdana\" color=\"#800000\">Estarem em fuga por terem cometido um crime.<\/font><\/p>\r\n<p style=\"margin:5px 20px; text-align: justify\">\r\n<font face=\"Verdana\" color=\"#800000\">Estarem condenadas e com mandado de pris\u00e3o.<\/font><\/p>\r\n<p style=\"margin:5px 20px; text-align: justify\">\r\n<font face=\"Verdana\" color=\"#800000\">Existem casos que pessoas est\u00e3o nessa condi\u00e7\u00e3o \r\nh\u00e1 anos, vivendo como se fossem pessoas normais em outros estados do Brasil e tudo \r\nisso por que n\u00e3o existe ainda um documento unico de identidade funcionando de forma \r\nefetiva em todos os estados do Brasil.<\/font><\/p>\r\n<p style=\"margin:5px 20px; text-align: justify\">\r\n<font face=\"Verdana\" color=\"#800000\">A nossa empresa, conta com policiais aposentados \r\ne com ampla experi\u00eancia em localizar pessoas, n\u00f3s trabalhamos em grupo e por isso \r\nnosso \u00edndice de acertos \u00e9 muito alto.<\/font><\/p>\r\n<\/font>\r\n<\/body><\/p>\n<p align=\"center\">\u00a0<body>\r\n<p style=\"text-align: justify; margin-top:0; margin-bottom:0\"><b>\r\n<font face=\"Verdana\" color=\"#800000\">Equipe Ag\u00eancia Aninva<\/font><\/b><\/p>\r\n<p style=\"text-align: justify; margin-top:0; margin-bottom:0\">&nbsp;<\/p>\r\n<p style=\"text-align: justify; margin-top:0; margin-bottom:0\">\r\n<font face=\"Verdana\">\r\n<img decoding=\"async\" class=\"aligncenter wp-image-541 size-full\" src=\"https:\/\/i.imgur.com\/3JfpQQ8.png\" alt=\"\" width=\"100%\" height=\"18\" \/><\/font><\/p>\r\n<p style=\"text-align: center; margin-top:5px; margin-bottom:0\"><b>\r\n<font face=\"Verdana\" color=\"#470A0B\" size=\"2\">AGENCIA ANINVA DE INVESTIGA\u00c7\u00d5ES E \r\nINFORMA\u00c7\u00d5ES LTDA-ME - CNPJ : 200785060001-03 - Desde 2017<\/font><\/b><\/p>\r\n<\/body><\/p>\n<p style=\"text-align: center;\"><a href=\"https:\/\/aninva.com.br\/anibrasil\" title=\"\"><img decoding=\"async\" src=\"https:\/\/counter1.optistats.ovh\/private\/freecounterstat.php?c=f95lzsq2e7btnm4wkzhexcqqdbt2212r\" border=\"0\" title=\"\" alt=\"\"><\/a><\/p>\n<p>&nbsp;<\/p>\n","protected":false},"excerpt":{"rendered":"<p>\u00a0 &nbsp;<\/p>\n","protected":false},"author":1,"featured_media":0,"parent":0,"menu_order":0,"comment_status":"closed","ping_status":"closed","template":"","meta":{"footnotes":""},"class_list":["post-784","page","type-page","status-publish","hentry"],"_links":{"self":[{"href":"https:\/\/aninva.com.br\/anibrasil\/wp-json\/wp\/v2\/pages\/784","targetHints":{"allow":["GET"]}}],"collection":[{"href":"https:\/\/aninva.com.br\/anibrasil\/wp-json\/wp\/v2\/pages"}],"about":[{"href":"https:\/\/aninva.com.br\/anibrasil\/wp-json\/wp\/v2\/types\/page"}],"author":[{"embeddable":true,"href":"https:\/\/aninva.com.br\/anibrasil\/wp-json\/wp\/v2\/users\/1"}],"replies":[{"embeddable":true,"href":"https:\/\/aninva.com.br\/anibrasil\/wp-json\/wp\/v2\/comments?post=784"}],"version-history":[{"count":3,"href":"https:\/\/aninva.com.br\/anibrasil\/wp-json\/wp\/v2\/pages\/784\/revisions"}],"predecessor-version":[{"id":997,"href":"https:\/\/aninva.com.br\/anibrasil\/wp-json\/wp\/v2\/pages\/784\/revisions\/997"}],"wp:attachment":[{"href":"https:\/\/aninva.com.br\/anibrasil\/wp-json\/wp\/v2\/media?parent=784"}],"curies":[{"name":"wp","href":"https:\/\/api.w.org\/{rel}","templated":true}]}}