{"id":731,"date":"2023-11-10T08:40:59","date_gmt":"2023-11-10T11:40:59","guid":{"rendered":"https:\/\/aninva.com.br\/anibrasil\/?page_id=731"},"modified":"2025-11-14T16:39:11","modified_gmt":"2025-11-14T19:39:11","slug":"auxdefacus","status":"publish","type":"page","link":"https:\/\/aninva.com.br\/anibrasil\/auxdefacus\/","title":{"rendered":"Auxiliar Defesa\/Acusa\u00e7\u00e3o"},"content":{"rendered":"<p style=\"text-align: center;\"><body>\r\n<p style=\"text-align: center; margin-top:0; margin-bottom:0\">\r\n<img fetchpriority=\"high\" decoding=\"async\" border=\"0\" src=\"https:\/\/i.imgur.com\/A88LpkK.jpg\" width=\"1100\" height=\"120\"><\/p>\r\n<p style=\"text-align: center; margin-top:0; margin-bottom:0\">\r\n<a target=\"_blank\" href=\"https:\/\/chat.whatsapp.com\/IVHaYLH2jl6F23sqM5oFP4\"><img decoding=\"async\" border=\"0\" src=\"https:\/\/i.imgur.com\/Y0iBc2q.png\" width=\"700\" height=\"123\"><\/a><\/p>\r\n\r\n<p class=\"MsoNormal\" style=\"margin: 12px 20px; \" align=\"center\"><b>\r\n<font face=\"Verdana\" color=\"#800000\" size=\"4\">INVESTIGAR \u00c9 A ARTE DE REUNIR EVID\u00caNCIAS \r\nPARA SE COMPROVAR UM FATO<\/font><\/b><\/p>\r\n<p style=\"text-align: center; margin-top:0; margin-bottom:0\">\r\n<font face=\"Verdana\">\r\n<img decoding=\"async\" class=\"aligncenter wp-image-541 size-full\" src=\"https:\/\/i.imgur.com\/3JfpQQ8.png\" alt=\"\" width=\"100%\" height=\"18\" \/><\/font><\/p>\r\n<\/body><\/p>\n<p style=\"text-align: center;\"><body>\r\n<p style=\"text-align: justify; margin-left:20px; margin-right:20px\">\r\n<span style=\"font-family: Verdana; color: #800000; font-weight: 700\">Auxiliar de \r\nDefesa:<\/span><\/p>\r\n<p style=\"margin:0 20px; text-align: justify\">&nbsp;<\/p>\r\n<p style=\"margin:0 20px; text-align: justify\">\r\n<span style=\"font-family: 'Verdana'; color: #800000\">Toda defesa precisa estar pronta \r\npara apontar ao Magistrado todas as falhas de um inqu\u00e9rito policial.<\/span><\/p>\r\n<p style=\"margin:0 20px; text-align: justify\">\r\n<span style=\"font-family: Verdana; color: #800000\">No nosso sistema de justi\u00e7a, \r\nnem sempre o que o policial declara em ju\u00edzo, \u00e9 o espelho da verdade.<\/span><\/p>\r\n<p style=\"margin:0 20px; text-align: justify\">\r\n<span style=\"font-family: Verdana; color: #800000\">As vezes chegam a se contradizer \r\nna frente do ju\u00edz e isso acontece por conta do que foi relatado no inqu\u00e9rito policial.<\/span><\/p>\r\n<p style=\"margin:0 20px; text-align: justify\">&nbsp;<\/p>\r\n<p style=\"margin:0 20px; text-align: justify\">\r\n<font face=\"Verdana\" color=\"#800000\">O inqu\u00e9rito policial, \u00e9 a pe\u00e7a mais importante \r\ndentro de um processo criminal, \u00e9 dele que se origina toda a acusa\u00e7\u00e3o do Minist\u00e9rio \r\nP\u00fablico, mas nem sempre, o inqu\u00e9rito policial \u00e9 o espelho da verdade e isso &quot;induz&quot; \r\nao representante do Minist\u00e9rio P\u00fablico a denunciar de forma errada o r\u00e9u.<\/font><\/p>\r\n<p style=\"margin:0 20px; text-align: justify\">&nbsp;<\/p>\r\n<p style=\"margin:0 20px; text-align: justify\">\r\n<font face=\"Verdana\" color=\"#800000\">Da mesma forma que essa falha pode <b>condenar<\/b> \r\no r\u00e9u, ela tamb\u00e9m pode ser fator decisivo para <b>absolver<\/b> o r\u00e9u, desde que \r\nseja mostrada devidamente de forma incontest\u00e1vel, ao JUIZ.<\/font><\/p>\r\n<p style=\"margin:0 20px; text-align: justify\">&nbsp;<\/p>\r\n<p style=\"margin:0 20px; text-align: justify\">\r\n<font face=\"Verdana\" color=\"#800000\">Nossa empresa, \u00e9 formada por ex-policias de \r\ncarreira, que militaram na Policia Civil do estado por muitos anos, onde adquiriram \r\na expertize necess\u00e1ria para literalmente IMPLODIR um inqu\u00e9rito policial feito sem \r\nnenhuma forma t\u00e9cnica e muitas das vezes, o advogado de defesa, por n\u00e3o ter sido \r\npolicial, desconhece isso.<\/font><\/p>\r\n<p style=\"margin:0 20px; text-align: justify\">&nbsp;<\/p>\r\n<p style=\"margin:0 20px; text-align: justify\">\r\n<font face=\"Verdana\" color=\"#800000\">J\u00e1 somos vitoriosos, v\u00e1rios patronos que nos \r\ncontrataram para auxiliar a defesa de seus clientes lograram \u00eaxito em i<b>mpronunciar<\/b> \r\nseus clientes, nos processos criminais que defendiam, simplesmente por mostrar ao \r\nJUIZ, a forma errada, a fake news, a prova montada ou ainda o perj\u00fario das testemunhas \r\nde acusa\u00e7\u00e3o.<\/font><\/p>\r\n<p style=\"margin:0 20px; text-align: justify\">&nbsp;<\/p>\r\n<p style=\"margin:0 20px; text-align: justify\">\r\n<font face=\"Verdana\" color=\"#800000\">Nossa equipe desenvolve um excelente trabalho \r\nde campo, coleta dados importantes que somente a expertise policial pode capacitar \r\nserem colhidos auxiliando o defensor de forma decisiva na defesa de seus clientes.<\/font><\/p>\r\n<p style=\"margin:0 20px; text-align: justify\">&nbsp;<\/p>\r\n<p style=\"margin:0 20px; text-align: justify\">\r\n<span style=\"font-family: Verdana; color: #800000; font-weight: 700\">Auxiliar de \r\nAcusa\u00e7\u00e3o:<\/span><\/p>\r\n<p style=\"margin:0 20px; text-align: justify\">&nbsp;<\/p>\r\n<p style=\"margin:0 20px; text-align: justify\">\r\n<span style=\"font-family: Verdana; color: #800000\">Da mesma forma que ajudamos a \r\ndefender, tamb\u00e9m podemos auxiliar coletando dados para a acusa\u00e7\u00e3o e instru\u00e7\u00e3o do \r\ninqu\u00e9rito policial.<\/span><\/p>\r\n<p style=\"margin:0 20px; text-align: justify\">\r\n<span style=\"font-family: Verdana; color: #800000\">As vezes, a &quot;displic\u00eancia&quot; ou \r\no descaso ou a n\u00e3o observ\u00e2ncia de detalhes importantes no conduzir de uma investiga\u00e7\u00e3o \r\npolicial pode levar ao fracasso da acusa\u00e7\u00e3o pois pe\u00e7as chaves foram suprimidas pela \r\ninvestiga\u00e7\u00e3o policial e isso ajudou o r\u00e9u a ser absolvido.<\/span><\/p>\r\n<p style=\"margin:0 20px; text-align: justify\">&nbsp;<\/p>\r\n<p style=\"margin:0 20px; text-align: justify\">\r\n<font face=\"Verdana\" color=\"#800000\">Na verdade, quando h\u00e1 supress\u00e3o de detalhes \r\nimportantes em uma investiga\u00e7\u00e3o criminal, isso significa dizer que ou houve neglig\u00eancia \r\nda investiga\u00e7\u00e3o policial ou houve de fato a supress\u00e3o maliciosa de fatos, com o \r\nintuito de beneficiar o r\u00e9u e se o interessado pela acusa\u00e7\u00e3o, tem uma equipe ao \r\nseu lado que o alerte e que fa\u00e7a com que esses fatos primordiais apare\u00e7am a vit\u00f3ria \r\nda acusa\u00e7\u00e3o \u00e9 99% certa.<\/font><\/p>\r\n<p style=\"margin:0 20px; text-align: justify\">&nbsp;<\/p>\r\n<p style=\"margin:0 20px; text-align: justify\">\r\n<font face=\"Verdana\" color=\"#800000\">Estamos abertos para prestar servi\u00e7os a defensores, \r\npromotores e escrit\u00f3rios de advocacia em geral, basta fazer contato conosco atrav\u00e9s \r\ndo formul\u00e1rio abaixo, que inclusive serve para qualquer questionamento desse servi\u00e7o.<\/font><\/p>\r\n<\/body><\/p>\n<p>&nbsp;<\/p>\n<p style=\"text-align: center;\"><body>\r\n<p style=\"text-align: justify; margin-top:0; margin-bottom:0\"><b>\r\n<font face=\"Verdana\" color=\"#800000\">Equipe Ag\u00eancia Aninva<\/font><\/b><\/p>\r\n<p style=\"text-align: justify; margin-top:0; margin-bottom:0\">&nbsp;<\/p>\r\n<p style=\"text-align: justify; margin-top:0; margin-bottom:0\">\r\n<font face=\"Verdana\">\r\n<img decoding=\"async\" class=\"aligncenter wp-image-541 size-full\" src=\"https:\/\/i.imgur.com\/3JfpQQ8.png\" alt=\"\" width=\"100%\" height=\"18\" \/><\/font><\/p>\r\n<p style=\"text-align: center; margin-top:5px; margin-bottom:0\"><b>\r\n<font face=\"Verdana\" color=\"#470A0B\" size=\"2\">AGENCIA ANINVA DE INVESTIGA\u00c7\u00d5ES E \r\nINFORMA\u00c7\u00d5ES LTDA-ME - CNPJ : 200785060001-03 - Desde 2017<\/font><\/b><\/p>\r\n<\/body><\/p>\n<p style=\"text-align: center;\"><a href=\"https:\/\/aninva.com.br\/anibrasil\" title=\"\"><img decoding=\"async\" src=\"https:\/\/counter1.optistats.ovh\/private\/freecounterstat.php?c=f95lzsq2e7btnm4wkzhexcqqdbt2212r\" border=\"0\" title=\"\" alt=\"\"><\/a><\/p>\n","protected":false},"excerpt":{"rendered":"<p>&nbsp;<\/p>\n","protected":false},"author":1,"featured_media":0,"parent":0,"menu_order":0,"comment_status":"closed","ping_status":"closed","template":"","meta":{"footnotes":""},"class_list":["post-731","page","type-page","status-publish","hentry"],"_links":{"self":[{"href":"https:\/\/aninva.com.br\/anibrasil\/wp-json\/wp\/v2\/pages\/731","targetHints":{"allow":["GET"]}}],"collection":[{"href":"https:\/\/aninva.com.br\/anibrasil\/wp-json\/wp\/v2\/pages"}],"about":[{"href":"https:\/\/aninva.com.br\/anibrasil\/wp-json\/wp\/v2\/types\/page"}],"author":[{"embeddable":true,"href":"https:\/\/aninva.com.br\/anibrasil\/wp-json\/wp\/v2\/users\/1"}],"replies":[{"embeddable":true,"href":"https:\/\/aninva.com.br\/anibrasil\/wp-json\/wp\/v2\/comments?post=731"}],"version-history":[{"count":6,"href":"https:\/\/aninva.com.br\/anibrasil\/wp-json\/wp\/v2\/pages\/731\/revisions"}],"predecessor-version":[{"id":992,"href":"https:\/\/aninva.com.br\/anibrasil\/wp-json\/wp\/v2\/pages\/731\/revisions\/992"}],"wp:attachment":[{"href":"https:\/\/aninva.com.br\/anibrasil\/wp-json\/wp\/v2\/media?parent=731"}],"curies":[{"name":"wp","href":"https:\/\/api.w.org\/{rel}","templated":true}]}}