{"id":304,"date":"2018-12-26T02:11:30","date_gmt":"2018-12-26T05:11:30","guid":{"rendered":"https:\/\/aninva.com.br\/anibrasil\/?page_id=304"},"modified":"2025-11-14T16:42:44","modified_gmt":"2025-11-14T19:42:44","slug":"certificacao","status":"publish","type":"page","link":"https:\/\/aninva.com.br\/anibrasil\/certificacao\/","title":{"rendered":"Certifica\u00e7\u00e3o"},"content":{"rendered":"<p style=\"text-align: center;\"><body>\r\n<p style=\"text-align: center; margin-top:0; margin-bottom:0\">\r\n<img fetchpriority=\"high\" decoding=\"async\" border=\"0\" src=\"https:\/\/i.imgur.com\/A88LpkK.jpg\" width=\"1100\" height=\"120\"><\/p>\r\n<p style=\"text-align: center; margin-top:0; margin-bottom:0\">\r\n<a target=\"_blank\" href=\"https:\/\/chat.whatsapp.com\/IVHaYLH2jl6F23sqM5oFP4\"><img decoding=\"async\" border=\"0\" src=\"https:\/\/i.imgur.com\/Y0iBc2q.png\" width=\"700\" height=\"123\"><\/a><\/p>\r\n\r\n<p class=\"MsoNormal\" style=\"margin: 12px 20px; \" align=\"center\"><b>\r\n<font face=\"Verdana\" color=\"#800000\" size=\"4\">INVESTIGAR \u00c9 A ARTE DE REUNIR EVID\u00caNCIAS \r\nPARA SE COMPROVAR UM FATO<\/font><\/b><\/p>\r\n<p style=\"text-align: center; margin-top:0; margin-bottom:0\">\r\n<font face=\"Verdana\">\r\n<img decoding=\"async\" class=\"aligncenter wp-image-541 size-full\" src=\"https:\/\/i.imgur.com\/3JfpQQ8.png\" alt=\"\" width=\"100%\" height=\"18\" \/><\/font><\/p>\r\n<\/body><\/p>\n<p style=\"text-align: center;\"><body>\r\n\r\n<body>\r\n<p class=\"MsoNormal\" style=\"margin: 12px 20px; \" align=\"center\">\r\n<font color=\"#800000\"><span style=\"font-family: Verdana; font-weight: 700\">\r\nSERVI\u00c7O DE CERTIFICA\u00c7\u00c3O.<\/span><\/font><\/p>\r\n<p class=\"MsoNormal\" style=\"margin: 5px 20px;\" align=\"justify\">&nbsp;<\/p>\r\n<p class=\"MsoNormal\" style=\"margin: 5px 20px;\" align=\"justify\">\r\n<span style=\"font-size: 12pt;line-height:107%; font-family:Verdana; color:maroon\">\r\nA<b> CERTIFICA\u00c7\u00c3O<\/b>, nada mais \u00e9 que uma checagem geral das informa\u00e7\u00f5es, apresentadas \r\npor um funcion\u00e1rio em uma empresa.<\/span><\/p>\r\n<p class=\"MsoNormal\" style=\"margin: 5px 20px;\" align=\"justify\">\r\n<span style=\"font-size: 12pt;line-height:107%; font-family:Verdana; color:maroon\">\r\nNossa empresa tem dois tipos de<b> CERTIFICA\u00c7\u00c3O<\/b>.<\/span><\/p>\r\n<p class=\"MsoNormal\" style=\"margin: 5px 20px;\" align=\"justify\">&nbsp;<\/p>\r\n<p class=\"MsoNormal\" style=\"margin: 5px 20px;\" align=\"justify\"><b>\r\n<span style=\"font-size: 12pt;line-height:107%; font-family:Verdana; color:maroon\">\r\nAuto Certifica\u00e7\u00e3o<\/span><\/b><span style=\"font-size: 12pt;line-height:107%; font-family:Verdana; color:maroon\">\u2013 \r\nA auto certifica\u00e7\u00e3o \u00e9 quando um profissional ou uma empresa, nos contrata para avaliar \r\nsuas informa\u00e7\u00f5es de forma global.<\/span><\/p>\r\n<p class=\"MsoNormal\" style=\"margin: 5px 20px;\" align=\"justify\">&nbsp;<\/p>\r\n<p class=\"MsoNormal\" style=\"margin: 5px 20px;\" align=\"justify\">\r\n<span style=\"font-size: 12pt;line-height:107%; font-family:Verdana; color:maroon\">\r\nAssim como o SERASA, avalia a vida credit\u00edcia das pessoas, a<b> Auto Certifica\u00e7\u00e3o<\/b>, \r\nforma um perfil social, profissional, familiar, educacional, reputa\u00e7\u00e3o no mercado, \r\ncriminal, de sa\u00fade e de paradeiro do certificando.<\/span><\/p>\r\n<p class=\"MsoNormal\" style=\"margin: 5px 20px;\" align=\"justify\">&nbsp;<\/p>\r\n<p class=\"MsoNormal\" style=\"margin: 5px 20px;\" align=\"justify\">\r\n<span style=\"font-size: 12pt;line-height:107%; font-family:Verdana; color:maroon\">\r\nO conjunto de itens a serem investigados na <b>Auto Certifica\u00e7\u00e3o <\/b>chama-se <b>\r\nlista de certifica\u00e7\u00e3o<\/b>.<\/span><\/p>\r\n<p class=\"MsoNormal\" style=\"margin: 5px 20px;\" align=\"justify\">&nbsp;<\/p>\r\n<p class=\"MsoNormal\" style=\"margin: 5px 20px;\" align=\"justify\">\r\n<strong style=\"font-weight: 400\">\r\n<span style=\"font-size: 12pt;line-height:19.9733px; font-family:Verdana; color:maroon\">\r\nS\u00e3o eles:<\/span><\/strong><\/p>\r\n<p class=\"MsoNormal\" style=\"margin: 5px 20px;\" align=\"justify\">\r\n<span style=\"font-size: 12pt;line-height:107%; font-family:Verdana; color:maroon\">\r\n<b>1<\/b>-Checagem das informa\u00e7\u00f5es pessoais. (Identifica\u00e7\u00e3o do certificando em nosso \r\nbanco de dados, confirma\u00e7\u00e3o\/checagem de documentos apresentados e tudo que tenha \r\nconex\u00e3o com a identifica\u00e7\u00e3o pessoal do certificando).<\/span><\/p>\r\n<p class=\"MsoNormal\" style=\"margin: 5px 20px;\" align=\"justify\">&nbsp;<\/p>\r\n<p class=\"MsoNormal\" style=\"margin: 5px 20px;\" align=\"justify\">\r\n<span style=\"font-size: 12pt;line-height:107%; font-family:Verdana; color:maroon\">\r\n<b>2<\/b>-Checagem das informa\u00e7\u00f5es de sa\u00fade. Fazemos um levantamento para constatar \r\nse a pessoa a ser contratada possui algum impedimento de sa\u00fade e ou&nbsp; tem alguma \r\ndoen\u00e7a grave e ou degenerativa que possa influenciar no desenvolvimento do seu trabalho.<\/span><\/p>\r\n<p class=\"MsoNormal\" style=\"margin: 5px 20px;\" align=\"justify\">&nbsp;<\/p>\r\n<p class=\"MsoNormal\" style=\"margin: 5px 20px;\" align=\"justify\">\r\n<span style=\"font-size: 12pt; line-height:107%; font-family:Verdana; color:maroon\">\r\n<b>3<\/b>-Checagem das informa\u00e7\u00f5es educacionais. (hist\u00f3rico educacional, col\u00e9gios\/faculdade \r\nem que estudou, cursos que fez, checagem da diploma\u00e7\u00e3o e todas as informa\u00e7\u00f5es que \r\ntem conex\u00e3o com a educa\u00e7\u00e3o pessoal e profissional do certificando).<\/span><\/p>\r\n<p class=\"MsoNormal\" style=\"margin: 5px 20px;\" align=\"justify\">&nbsp;<\/p>\r\n<p class=\"MsoNormal\" style=\"margin: 5px 20px;\" align=\"justify\">\r\n<span style=\"font-size: 12pt; line-height:107%; font-family:Verdana; color:maroon\">\r\n<b>4<\/b>-Checagem das informa\u00e7\u00f5es profissionais. (Hist\u00f3rico de empresas que trabalhou, \r\nest\u00e1gios que fez, se foi demitido de alguma empresa ou pediu as contas e todas as \r\ninforma\u00e7\u00f5es que tenham conex\u00e3o com a profiss\u00e3o do certificando).<\/span><\/p>\r\n<p class=\"MsoNormal\" style=\"margin: 5px 20px;\" align=\"justify\">&nbsp;<\/p>\r\n<p class=\"MsoNormal\" style=\"margin: 5px 20px;\" align=\"justify\">\r\n<span style=\"font-size: 12pt; line-height:107%; font-family:Verdana; color:maroon\">\r\n<b>5<\/b>-Checagem das informa\u00e7\u00f5es sociais. (Coleta de informa\u00e7\u00f5es em meios sociais, \r\namigos, parentes, rede sociais, coleta de informa\u00e7\u00f5es s\u00f3cio econ\u00f4micas e tudo que \r\ntenha conex\u00e3o com a vida social do certificando).<\/span><\/p>\r\n<p class=\"MsoNormal\" style=\"margin: 5px 20px;\" align=\"justify\">&nbsp;<\/p>\r\n<p class=\"MsoNormal\" style=\"margin: 5px 20px;\" align=\"justify\">\r\n<span style=\"font-size: 12pt; line-height:107%; font-family:Verdana; color:maroon\">\r\n<b>6<\/b>-Checagem das informa\u00e7\u00f5es criminais. (Coleta de FAC \u2013 Ficha de Antecedentes \r\nCriminais, coleta de informa\u00e7\u00f5es sobre envolvimentos em epis\u00f3dios que geraram processo \r\ncivil ou criminal).<\/span><\/p>\r\n<p class=\"MsoNormal\" style=\"margin: 5px 20px;\" align=\"justify\">&nbsp;<\/p>\r\n<p class=\"MsoNormal\" style=\"margin: 5px 20px;\" align=\"justify\">\r\n<span style=\"font-size: 12pt; line-height:107%; font-family:Verdana; color:maroon\">\r\n<b>7<\/b>-Checagem das informa\u00e7\u00f5es familiares. (Coleta de informa\u00e7\u00f5es com elementos \r\ndo meio familiar do certificando).<\/span><\/p>\r\n<p class=\"MsoNormal\" style=\"margin: 5px 20px;\" align=\"justify\">&nbsp;<\/p>\r\n<p class=\"MsoNormal\" style=\"margin: 5px 20px;\" align=\"justify\">\r\n<span style=\"font-size: 12pt; line-height:107%; font-family:Verdana; color:maroon\">\r\n<b>8<\/b>-Checagem nas informa\u00e7\u00f5es de paradeiro. (Coleta de informa\u00e7\u00f5es em lugares \r\nonde residiu e reside, incluindo coleta de informa\u00e7\u00f5es com vizinhos, porteiros de \r\npr\u00e9dio, com\u00e9rcio local etc.)<\/span><\/p>\r\n<p class=\"MsoNormal\" style=\"margin: 5px 20px;\" align=\"justify\">&nbsp;<\/p>\r\n<p class=\"MsoNormal\" style=\"margin: 5px 20px;\" align=\"justify\">\r\n<span style=\"font-size: 12pt; line-height:107%; font-family:Verdana; color:maroon\">\r\n<b>9<\/b>-Checagem nas informa\u00e7\u00f5es de reputa\u00e7\u00e3o profissional. (Coleta de informa\u00e7\u00f5es \r\nsobre conduta profissional, com clientes que usaram seus servi\u00e7os.<\/span><\/p>\r\n<p class=\"MsoNormal\" style=\"margin: 5px 20px;\" align=\"justify\">&nbsp;<\/p>\r\n<p class=\"MsoNormal\" style=\"margin: 5px 20px;\" align=\"justify\"><b>\r\n<span style=\"font-size: 12pt;line-height:107%; font-family:Verdana; color:maroon\">\r\nN\u00edvel 1-Auto Certifica\u00e7\u00e3o de n\u00edvel 1<\/span><\/b><span style=\"font-size: 12pt;line-height:107%; font-family:Verdana; color:maroon\">-No \r\nn\u00edvel 1, ela certifica os itens<b>1<\/b>,<b>2,3,4 <\/b>e<b> 7<\/b>da lista de certifica\u00e7\u00e3o.<\/span><\/p>\r\n<p class=\"MsoNormal\" style=\"margin: 5px 20px;\" align=\"justify\"><b>\r\n<span style=\"font-size: 12pt;line-height:107%; font-family:Verdana; color:maroon\">\r\nN\u00edvel 2-Auto Certifica\u00e7\u00e3o de n\u00edvel 2<\/span><\/b><span style=\"font-size: 12pt;line-height:107%; font-family:Verdana; color:maroon\">-No \r\nn\u00edvel 2, ela certifica os itens<b>1<\/b>,<b>2<\/b>,<b>3<\/b>,<b>4, 5,6 <\/b>e<b>7<\/b>da \r\nlista de certifica\u00e7\u00e3o.<\/span><\/p>\r\n<p class=\"MsoNormal\" style=\"margin: 5px 20px;\" align=\"justify\"><b>\r\n<span style=\"font-size: 12pt;line-height:107%; font-family:Verdana; color:maroon\">\r\nN\u00edvel 3-Auto Certifica\u00e7\u00e3o de n\u00edvel 3<\/span><\/b><span style=\"font-size: 12pt;line-height:107%; font-family:Verdana; color:maroon\">-No \r\nn\u00edvel 3, ela certifica os<b> 9<\/b>(nove) itens de certifica\u00e7\u00e3o, ou em caso especial, \r\nalgum item espec\u00edfico que n\u00e3o esteja na lista de certifica\u00e7\u00e3o.<\/span><\/p>\r\n<p class=\"MsoNormal\" style=\"margin: 5px 20px;\" align=\"justify\">&nbsp;<\/p>\r\n<p class=\"MsoNormal\" style=\"margin: 5px 20px;\" align=\"justify\"><b>\r\n<span style=\"font-size: 12pt;line-height:107%; font-family:Verdana; color:maroon\">\r\nCertifica\u00e7\u00e3o Contratada<\/span><\/b><span style=\"font-size: 12pt;line-height:107%; font-family:Verdana; color:maroon\">\u2013 \r\n\u00c9 o tipo de certifica\u00e7\u00e3o que uma pessoa ou empresa contrata para certificar outra \r\npessoa ou empresa.<\/span><\/p>\r\n<p class=\"MsoNormal\" style=\"margin: 5px 20px;\" align=\"justify\">&nbsp;<\/p>\r\n<p class=\"MsoNormal\" style=\"margin: 5px 20px;\" align=\"justify\">\r\n<span style=\"font-size: 12pt;line-height:107%; font-family:Verdana; color:maroon\">\r\nEla segue os mesmos itens da lista de certifica\u00e7\u00e3o relatada acima e os mesmos n\u00edveis \r\nsendo a sua \u00fanica diferen\u00e7a \u00e9 ser <b>contratada <\/b>por uma pessoa ou empresa que \r\nn\u00e3o seja o alvo da certifica\u00e7\u00e3o.<\/span><\/p>\r\n<p class=\"MsoNormal\" style=\"margin: 5px 20px;\" align=\"justify\">&nbsp;<\/p>\r\n<p class=\"MsoNormal\" style=\"margin: 5px 20px;\" align=\"justify\">\r\n<span style=\"font-size: 12pt;line-height:107%; font-family:Verdana; color:maroon\">\r\nSuponha que um funcion\u00e1rio ao qual sua empresa deseja contratar, precisa ser certificado, \r\nsendo assim, voc\u00ea nos faz uma solicita\u00e7\u00e3o atrav\u00e9s de formul\u00e1rio pr\u00f3prio e n\u00f3s entramos \r\nem contato com esse funcion\u00e1rio, fazemos a entrevista com ele e procedemos a investiga\u00e7\u00e3o \r\nde todas as quest\u00f5es que foram respondidas por ele na entrevista, inclusive investigando \r\ntodas as deriva\u00e7\u00f5es que cada resposta nos apontar.<\/span><\/p>\r\n<p class=\"MsoNormal\" style=\"margin: 5px 20px;\" align=\"justify\">&nbsp;<\/p>\r\n<p class=\"MsoNormal\" style=\"margin: 5px 20px;\" align=\"justify\">\r\n<span style=\"font-size: 12pt;line-height:107%; font-family:Verdana; color:maroon\">\r\nNossa empresa tamb\u00e9m indica m\u00e3o de obra certificada, pela <b>Auto Certifica\u00e7\u00e3o\r\n<\/b>de n\u00edvel 3 e tamb\u00e9m nos responsabilizamos pelas informa\u00e7\u00f5es prestadas, assim \r\ncomo disponibilizamos em sistema pr\u00f3prio o nome dos profissionais que se auto certificaram \r\npara estarem aptos a contrata\u00e7\u00e3o em v\u00e1rios segmentos do mercado.<\/span><\/p>\r\n<p class=\"MsoNormal\" style=\"margin: 5px 20px;\" align=\"justify\">&nbsp;<\/p>\r\n<p class=\"MsoNormal\" style=\"margin: 5px 20px;\" align=\"justify\">\r\n<span style=\"font-size: 12pt;line-height:107%; font-family:Verdana; color:maroon\">\r\nDepois de tomadas as respostas dos certificados e feita a investiga\u00e7\u00e3o de cada item, \r\num relat\u00f3rio e emitido no site pr\u00f3prio do nosso sistema.<\/span><\/p>\r\n<p class=\"MsoNormal\" style=\"margin: 5px 20px;\" align=\"justify\">\r\n<span style=\"font-size: 12pt;line-height:107%; font-family:Verdana; color:maroon\">\r\nCada pessoa ou empresa certificada pelo nosso sistema recebe uma p\u00e1gina web, contendo \r\ninclusive a autentica\u00e7\u00e3o da nossa certifica\u00e7\u00e3o.<\/span><\/p>\r\n<p class=\"MsoNormal\" style=\"margin: 5px 20px;\" align=\"justify\">&nbsp;<\/p>\r\n<p class=\"MsoNormal\" style=\"margin: 5px 20px;\" align=\"justify\">\r\n<span style=\"font-size: 12pt;line-height:107%; font-family:Verdana; color:maroon\">\r\nEssa p\u00e1gina funciona como um curr\u00edculo virtual e tamb\u00e9m como uma ficha funcional \r\nquando o certificado \u00e9 uma pessoa f\u00edsica.<\/span><\/p>\r\n<p class=\"MsoNormal\" style=\"margin: 5px 20px;\" align=\"justify\">&nbsp;<\/p>\r\n<p class=\"MsoNormal\" style=\"margin: 5px 20px;\" align=\"justify\">\r\n<span style=\"font-size: 12pt;line-height:107%; font-family:Verdana; color:maroon\">\r\nNosso sistema de certifica\u00e7\u00e3o \u00e9 \u00fatil em todos os segmentos onde haja a necessidade \r\nde se averiguar a veracidade de declara\u00e7\u00f5es de determinada empresa ou pessoa f\u00edsica.<\/span><\/p>\r\n<p><\/p>\r\n<\/body><\/p>\n<p align=\"center\">\u00a0<body>\r\n<p style=\"text-align: justify; margin-top:0; margin-bottom:0\"><b>\r\n<font face=\"Verdana\" color=\"#800000\">Equipe Ag\u00eancia Aninva<\/font><\/b><\/p>\r\n<p style=\"text-align: justify; margin-top:0; margin-bottom:0\">&nbsp;<\/p>\r\n<p style=\"text-align: justify; margin-top:0; margin-bottom:0\">\r\n<font face=\"Verdana\">\r\n<img decoding=\"async\" class=\"aligncenter wp-image-541 size-full\" src=\"https:\/\/i.imgur.com\/3JfpQQ8.png\" alt=\"\" width=\"100%\" height=\"18\" \/><\/font><\/p>\r\n<p style=\"text-align: center; margin-top:5px; margin-bottom:0\"><b>\r\n<font face=\"Verdana\" color=\"#470A0B\" size=\"2\">AGENCIA ANINVA DE INVESTIGA\u00c7\u00d5ES E \r\nINFORMA\u00c7\u00d5ES LTDA-ME - CNPJ : 200785060001-03 - Desde 2017<\/font><\/b><\/p>\r\n<\/body><\/p>\n<p style=\"text-align: center;\"><a href=\"https:\/\/aninva.com.br\/anibrasil\" title=\"\"><img decoding=\"async\" src=\"https:\/\/counter1.optistats.ovh\/private\/freecounterstat.php?c=f95lzsq2e7btnm4wkzhexcqqdbt2212r\" border=\"0\" title=\"\" alt=\"\"><\/a><\/p>\n","protected":false},"excerpt":{"rendered":"<p>\u00a0<\/p>\n","protected":false},"author":1,"featured_media":0,"parent":0,"menu_order":0,"comment_status":"closed","ping_status":"closed","template":"","meta":{"footnotes":""},"class_list":["post-304","page","type-page","status-publish","hentry"],"_links":{"self":[{"href":"https:\/\/aninva.com.br\/anibrasil\/wp-json\/wp\/v2\/pages\/304","targetHints":{"allow":["GET"]}}],"collection":[{"href":"https:\/\/aninva.com.br\/anibrasil\/wp-json\/wp\/v2\/pages"}],"about":[{"href":"https:\/\/aninva.com.br\/anibrasil\/wp-json\/wp\/v2\/types\/page"}],"author":[{"embeddable":true,"href":"https:\/\/aninva.com.br\/anibrasil\/wp-json\/wp\/v2\/users\/1"}],"replies":[{"embeddable":true,"href":"https:\/\/aninva.com.br\/anibrasil\/wp-json\/wp\/v2\/comments?post=304"}],"version-history":[{"count":19,"href":"https:\/\/aninva.com.br\/anibrasil\/wp-json\/wp\/v2\/pages\/304\/revisions"}],"predecessor-version":[{"id":994,"href":"https:\/\/aninva.com.br\/anibrasil\/wp-json\/wp\/v2\/pages\/304\/revisions\/994"}],"wp:attachment":[{"href":"https:\/\/aninva.com.br\/anibrasil\/wp-json\/wp\/v2\/media?parent=304"}],"curies":[{"name":"wp","href":"https:\/\/api.w.org\/{rel}","templated":true}]}}